{"id":625,"date":"2023-10-17T07:47:06","date_gmt":"2023-10-17T07:47:06","guid":{"rendered":"https:\/\/asatools.hr\/?page_id=625"},"modified":"2023-10-18T11:33:41","modified_gmt":"2023-10-18T11:33:41","slug":"ultra-system-pl","status":"publish","type":"page","link":"https:\/\/asatools.hr\/index.php\/pl\/ultra-system-pl\/","title":{"rendered":"Ultra System &#8211; Pl"},"content":{"rendered":"<!--themify_builder_content-->\n<div id=\"themify_builder_content-625\" data-postid=\"625\" class=\"themify_builder_content themify_builder_content-625 themify_builder tf_clear\">\n    \t\t\t<!-- module_row -->\n\t<div  data-lazy=\"1\" class=\"module_row themify_builder_row tb_dk3e374 tb_first tf_w tf_clearfix\">\n\t    \t\t\t<div class=\"row_inner col_align_top tb_col_count_2 tf_box tf_rel\">\n\t\t            <div  data-lazy=\"1\" class=\"module_column tb-column col4-2 tb_ft6i374 first\">\n                                                        <div class=\"tb-column-inner tf_box tf_w\">\n                        <!-- module text -->\n<div  class=\"module module-text tb_ln2s375   \" data-lazy=\"1\">\n        <div  class=\"tb_text_wrap\">\n    <h3>Ultrasystem<\/h3>\n<h3>Ultrasystem Srl jest firm\u0105 zajmuj\u0105c\u0105 si\u0119 mechanik\u0105 precyzyjn\u0105, specjalizuj\u0105c\u0105 si\u0119 w projektowaniu i produkcji specjalisfycznych cz\u0119\u015bci do rotacyjnych pras i form sztancuj\u0105cych.<\/h3>\n<p><br>ULTRASYSTEM posiada dwa g\u0142\u00f3wne obszary dzia\u0142alno\u015bci:<\/p>\n<p>WYDZIA\u0141 MATRYC ROTACYJNYCH: projektowanie i produkcja akcesori\u00f3w i cz\u0119\u015bci specjalistycznych do maszyn rotacyjnych dla przemys\u0142u higieny osobistej, przemys\u0142u papierniczego, itp.<br><br>DZIA\u0141 FORM: projektowanie i produkcja form do cz\u0119\u015bci z blachy (przemys\u0142 motoryzacyjny, AGD itp.); formy do formowania na gor\u0105co (przemys\u0142 spo\u017cywczy, farmaceutyczny)\u00a0itp.).<\/p>    <\/div>\n<\/div>\n<!-- \/module text --><!-- module image -->\n<div  class=\"module module-image tb_r0f8375   image-top tf_mw\" data-lazy=\"1\">\n        <div class=\"image-wrap tf_rel tf_mw\">\n\t\t    <img src=\"https:\/\/asatools.hr\/wp-content\/uploads\/2023\/10\/aziendaScheda.jpg\" class=\"wp-post-image wp-image-632\" title=\"aziendaScheda\" alt=\"aziendaScheda\" srcset=\"https:\/\/asatools.hr\/wp-content\/uploads\/2023\/10\/aziendaScheda.jpg 566w, https:\/\/asatools.hr\/wp-content\/uploads\/2023\/10\/aziendaScheda-300x195.jpg 300w\" sizes=\"(max-width: 566px) 100vw, 566px\" \/>\t\n\t\t<\/div>\n\t<!-- \/image-wrap -->\n    \n    \t<\/div>\n<!-- \/module image -->                    <\/div>\n                            <\/div>\n                        <div  data-lazy=\"1\" class=\"module_column tb-column col4-2 tb_k71d375 last\">\n                                                        <div class=\"tb-column-inner tf_box tf_w\">\n                        <!-- module image -->\n<div  class=\"module module-image tb_yuvf375   image-top tf_mw\" data-lazy=\"1\">\n        <div class=\"image-wrap tf_rel tf_mw\">\n\t\t    <img src=\"https:\/\/asatools.hr\/wp-content\/uploads\/2023\/10\/logoultra.png\" class=\"wp-post-image wp-image-634\" title=\"logoultra\" alt=\"logoultra\">\t\n\t\t<\/div>\n\t<!-- \/image-wrap -->\n    \n    \t<\/div>\n<!-- \/module image --><!-- module text -->\n<div  class=\"module module-text tb_0f8u375   \" data-lazy=\"1\">\n        <div  class=\"tb_text_wrap\">\n    <p><span style=\"color: #000000; font-size: 1.2em; font-weight: 600; background-color: initial;\"><br>Ultrasystem s.r.l.<br><\/span><span style=\"background-color: initial; font-size: 1em;\">Via Roberto Procelli, 18<br><\/span><span style=\"background-color: initial; font-size: 1em;\">San Leo di Anghiari &#8211; 52031 &#8211; Anghiari (AR)<br><\/span><span style=\"background-color: initial; font-size: 1em;\">Phone +39 0575 720726<br><\/span><span style=\"background-color: initial; font-size: 1em;\">Fax +39 0575 721796<br><\/span><span style=\"background-color: initial;\"><span style=\"font-size: 1em;\">info@ultrasystem.it\u00a0<br><\/span><br>Odwiedz nasza strone<br><\/span><a href=\"http:\/\/www.ultrasystem.it\/\" target=\"_blank\" rel=\"noopener\">www.ultrasystem.it<\/a><span style=\"background-color: initial;\"><br><\/span><\/p>    <\/div>\n<\/div>\n<!-- \/module text --><!-- module map -->\n<div  class=\"module module-map tb_usji375 \">\n    \t\t    \t    <link rel=\"preconnect\" href=\"https:\/\/maps.googleapis.com\" crossorigin\/>\n\t\t<div\n\t    data-lazy=\"1\" \t    data-map-provider=\"google\"\n\t    data-address=\"Ultra System Srl Via Roberto Procelli, 52031 Anghiari AR\"\n\t    data-zoom=\"16\"\n\t    data-type=\"ROADMAP\"\n\t    data-scroll=\"\"\n\t    data-drag=\"1\"\n\t    data-mdrag=\"1\"\n\t    data-control=\"\"\n\t    class=\"tf_lazy themify_map\"\n\t    style=\"width:100%;height:300px;\"\n\t    data-info-window=\"&lt;b&gt;Address&lt;\/b&gt;&lt;br\/&gt;&lt;p&gt;Ultra System Srl Via Roberto Procelli, 52031 Anghiari AR&lt;\/p&gt;\"\n\t    data-reverse-geocoding=\"\">\n\t<\/div>\n    <\/div>\n<!-- \/module map -->\n                    <\/div>\n                            <\/div>\n            \t    <\/div>\n\t    <!-- \/row_inner -->\n\t<\/div>\n\t<!-- \/module_row -->\n\t<\/div>\n<!--\/themify_builder_content-->","protected":false},"excerpt":{"rendered":"<p>Ultrasystem Ultrasystem Srl jest firm\u0105 zajmuj\u0105c\u0105 si\u0119 mechanik\u0105 precyzyjn\u0105, specjalizuj\u0105c\u0105 si\u0119 w projektowaniu i produkcji specjalisfycznych cz\u0119\u015bci do rotacyjnych pras i form sztancuj\u0105cych. ULTRASYSTEM posiada dwa g\u0142\u00f3wne obszary dzia\u0142alno\u015bci: WYDZIA\u0141 MATRYC ROTACYJNYCH: projektowanie i produkcja akcesori\u00f3w i cz\u0119\u015bci specjalistycznych do maszyn rotacyjnych dla przemys\u0142u higieny osobistej, przemys\u0142u papierniczego, itp. DZIA\u0141 FORM: projektowanie i produkcja form [&hellip;]<\/p>\n","protected":false},"author":1,"featured_media":0,"parent":0,"menu_order":0,"comment_status":"closed","ping_status":"closed","template":"","meta":[],"builder_content":"<h3>Ultrasystem<\/h3> <h3>Ultrasystem Srl jest firm\u0105 zajmuj\u0105c\u0105 si\u0119 mechanik\u0105 precyzyjn\u0105, specjalizuj\u0105c\u0105 si\u0119 w projektowaniu i produkcji specjalisfycznych cz\u0119\u015bci do rotacyjnych pras i form sztancuj\u0105cych.<\/h3> <p><br>ULTRASYSTEM posiada dwa g\u0142\u00f3wne obszary dzia\u0142alno\u015bci:<\/p> <p>WYDZIA\u0141 MATRYC ROTACYJNYCH: projektowanie i produkcja akcesori\u00f3w i cz\u0119\u015bci specjalistycznych do maszyn rotacyjnych dla przemys\u0142u higieny osobistej, przemys\u0142u papierniczego, itp.<br><br>DZIA\u0141 FORM: projektowanie i produkcja form do cz\u0119\u015bci z blachy (przemys\u0142 motoryzacyjny, AGD itp.); formy do formowania na gor\u0105co (przemys\u0142 spo\u017cywczy, farmaceutyczny)\u00a0itp.).<\/p>\n<img src=\"https:\/\/asatools.hr\/wp-content\/uploads\/2023\/10\/aziendaScheda.jpg\" title=\"aziendaScheda\" alt=\"aziendaScheda\" srcset=\"https:\/\/asatools.hr\/wp-content\/uploads\/2023\/10\/aziendaScheda.jpg 566w, https:\/\/asatools.hr\/wp-content\/uploads\/2023\/10\/aziendaScheda-300x195.jpg 300w\" sizes=\"(max-width: 566px) 100vw, 566px\" \/>\n<img src=\"https:\/\/asatools.hr\/wp-content\/uploads\/2023\/10\/logoultra.png\" title=\"logoultra\" alt=\"logoultra\">\n<p><br>Ultrasystem s.r.l.<br>Via Roberto Procelli, 18<br>San Leo di Anghiari - 52031 - Anghiari (AR)<br>Phone +39 0575 720726<br>Fax +39 0575 721796<br>info@ultrasystem.it\u00a0<br><br>Odwiedz nasza strone<br><a href=\"http:\/\/www.ultrasystem.it\/\" target=\"_blank\" rel=\"noopener\">www.ultrasystem.it<\/a><br><\/p>\n<h3><\/h3><iframe frameborder=\"0\" scrolling=\"no\" marginheight=\"0\" marginwidth=\"0\" src=\"https:\/\/maps.google.com\/maps?q=Ultra+System+Srl+Via+Roberto+Procelli%2C+52031+Anghiari+AR&amp;t=m&amp;z=16&amp;output=embed&amp;iwloc=near\"><\/iframe>","_links":{"self":[{"href":"https:\/\/asatools.hr\/index.php\/wp-json\/wp\/v2\/pages\/625"}],"collection":[{"href":"https:\/\/asatools.hr\/index.php\/wp-json\/wp\/v2\/pages"}],"about":[{"href":"https:\/\/asatools.hr\/index.php\/wp-json\/wp\/v2\/types\/page"}],"author":[{"embeddable":true,"href":"https:\/\/asatools.hr\/index.php\/wp-json\/wp\/v2\/users\/1"}],"replies":[{"embeddable":true,"href":"https:\/\/asatools.hr\/index.php\/wp-json\/wp\/v2\/comments?post=625"}],"version-history":[{"count":9,"href":"https:\/\/asatools.hr\/index.php\/wp-json\/wp\/v2\/pages\/625\/revisions"}],"predecessor-version":[{"id":737,"href":"https:\/\/asatools.hr\/index.php\/wp-json\/wp\/v2\/pages\/625\/revisions\/737"}],"wp:attachment":[{"href":"https:\/\/asatools.hr\/index.php\/wp-json\/wp\/v2\/media?parent=625"}],"curies":[{"name":"wp","href":"https:\/\/api.w.org\/{rel}","templated":true}]}}