{"id":615,"date":"2023-10-17T07:45:51","date_gmt":"2023-10-17T07:45:51","guid":{"rendered":"https:\/\/asatools.hr\/?page_id=615"},"modified":"2023-10-17T13:41:46","modified_gmt":"2023-10-17T13:41:46","slug":"asa-tools-pl","status":"publish","type":"page","link":"https:\/\/asatools.hr\/index.php\/pl\/asa-tools-pl\/","title":{"rendered":"Asa Tools &#8211; Pl"},"content":{"rendered":"<!--themify_builder_content-->\n<div id=\"themify_builder_content-615\" data-postid=\"615\" class=\"themify_builder_content themify_builder_content-615 themify_builder tf_clear\">\n    \t\t\t<!-- module_row -->\n\t<div  data-lazy=\"1\" class=\"module_row themify_builder_row tb_cq0715 tb_first tf_w tf_clearfix\">\n\t    \t\t\t<div class=\"row_inner col_align_top tb_col_count_2 tf_box tf_rel\">\n\t\t            <div  data-lazy=\"1\" class=\"module_column tb-column col4-2 tb_o67r17 first\">\n                                                        <div class=\"tb-column-inner tf_box tf_w\">\n                        <!-- module text -->\n<div  class=\"module module-text tb_086q54   \" data-lazy=\"1\">\n        <div  class=\"tb_text_wrap\">\n    <h3>W\u0142oska firma Asa Tools<\/h3>\n<h6>Asa Tools od kilku lat aktywnie rozwija dzia\u0142alno\u015b\u0107 na terytorium Chorwacji.<\/h6>\n<p>\u00a0<\/p>\n<p>Firma od 2016 roku, specjalizuje si\u0119 w precyzyjnej obr\u00f3bce mechanicznej, oraz oferuje us\u0142ugi frezowania i toczenia.<\/p>\n<p>Warsztat obejmuje wysokowydajne i wielofunkcyjne maszyny CNC sterowane numeryczne, oraz wysoko wykwalifikowanych pracownik\u00f3w co gwarantuje najwy\u017csz\u0105 jako\u015b\u0107 realizacji\u00a0zlece\u0144.<\/p>    <\/div>\n<\/div>\n<!-- \/module text --><!-- module image -->\n<div  class=\"module module-image tb_nnkn306   image-top tf_mw\" data-lazy=\"1\">\n        <div class=\"image-wrap tf_rel tf_mw\">\n\t\t    <img src=\"https:\/\/asatools.hr\/wp-content\/uploads\/2023\/10\/Asa-azienda.png\" class=\"wp-post-image wp-image-629\" title=\"Asa azienda\" alt=\"Asa azienda\" srcset=\"https:\/\/asatools.hr\/wp-content\/uploads\/2023\/10\/Asa-azienda.png 566w, https:\/\/asatools.hr\/wp-content\/uploads\/2023\/10\/Asa-azienda-300x195.png 300w\" sizes=\"(max-width: 566px) 100vw, 566px\" \/>\t\n\t\t<\/div>\n\t<!-- \/image-wrap -->\n    \n    \t<\/div>\n<!-- \/module image -->                    <\/div>\n                            <\/div>\n                        <div  data-lazy=\"1\" class=\"module_column tb-column col4-2 tb_lcw6307 last\">\n                                                        <div class=\"tb-column-inner tf_box tf_w\">\n                        <!-- module image -->\n<div  class=\"module module-image tb_fjge378   image-top tf_mw\" data-lazy=\"1\">\n        <div class=\"image-wrap tf_rel tf_mw\">\n\t\t    <img src=\"https:\/\/asatools.hr\/wp-content\/uploads\/2023\/10\/LogoASA-Tools.png\" class=\"wp-post-image wp-image-630\" title=\"LogoASA-Tools\" alt=\"LogoASA-Tools\" srcset=\"https:\/\/asatools.hr\/wp-content\/uploads\/2023\/10\/LogoASA-Tools.png 350w, https:\/\/asatools.hr\/wp-content\/uploads\/2023\/10\/LogoASA-Tools-300x102.png 300w\" sizes=\"(max-width: 350px) 100vw, 350px\" \/>\t\n\t\t<\/div>\n\t<!-- \/image-wrap -->\n    \n    \t<\/div>\n<!-- \/module image --><!-- module text -->\n<div  class=\"module module-text tb_fm03158   \" data-lazy=\"1\">\n        <div  class=\"tb_text_wrap\">\n    <h5>ASA TOOLS d.o.o.<\/h5>\n<p>Kukuljanovo 334<br><span style=\"background-color: initial; font-size: 1em;\">51227 Grad Bakar, Hrvatska<br><\/span><span style=\"background-color: initial; font-size: 1em;\">Phone +385 99 327 0010<br><\/span><span style=\"background-color: initial; font-size: 1em;\">Phone +385 51 424 842<br><\/span><span style=\"background-color: initial; font-size: 1em;\">info@asatools.hr\u00a0<\/span><\/p>    <\/div>\n<\/div>\n<!-- \/module text --><!-- module map -->\n<div  class=\"module module-map tb_fr7q36 \">\n    \t\t    \t    <link rel=\"preconnect\" href=\"https:\/\/maps.googleapis.com\" crossorigin\/>\n\t\t<div\n\t    data-lazy=\"1\" \t    data-map-provider=\"google\"\n\t    data-address=\"ASA TOOLS d.o.o. Kukuljanovo 334 51227 Grad Bakar, Hrvatska\"\n\t    data-zoom=\"16\"\n\t    data-type=\"ROADMAP\"\n\t    data-scroll=\"\"\n\t    data-drag=\"1\"\n\t    data-mdrag=\"1\"\n\t    data-control=\"\"\n\t    class=\"tf_lazy themify_map\"\n\t    style=\"width:100%;height:300px;\"\n\t    data-info-window=\"&lt;b&gt;Address&lt;\/b&gt;&lt;br\/&gt;&lt;p&gt;ASA TOOLS d.o.o. Kukuljanovo 334 51227 Grad Bakar, Hrvatska&lt;\/p&gt;\"\n\t    data-reverse-geocoding=\"\">\n\t<\/div>\n    <\/div>\n<!-- \/module map -->\n                    <\/div>\n                            <\/div>\n            \t    <\/div>\n\t    <!-- \/row_inner -->\n\t<\/div>\n\t<!-- \/module_row -->\n\t<\/div>\n<!--\/themify_builder_content-->","protected":false},"excerpt":{"rendered":"<p>W\u0142oska firma Asa Tools Asa Tools od kilku lat aktywnie rozwija dzia\u0142alno\u015b\u0107 na terytorium Chorwacji. \u00a0 Firma od 2016 roku, specjalizuje si\u0119 w precyzyjnej obr\u00f3bce mechanicznej, oraz oferuje us\u0142ugi frezowania i toczenia. Warsztat obejmuje wysokowydajne i wielofunkcyjne maszyny CNC sterowane numeryczne, oraz wysoko wykwalifikowanych pracownik\u00f3w co gwarantuje najwy\u017csz\u0105 jako\u015b\u0107 realizacji\u00a0zlece\u0144. ASA TOOLS d.o.o. Kukuljanovo 33451227 [&hellip;]<\/p>\n","protected":false},"author":1,"featured_media":0,"parent":0,"menu_order":0,"comment_status":"closed","ping_status":"closed","template":"","meta":[],"builder_content":"<h3>W\u0142oska firma Asa Tools<\/h3> <h6>Asa Tools od kilku lat aktywnie rozwija dzia\u0142alno\u015b\u0107 na terytorium Chorwacji.<\/h6> <p>\u00a0<\/p> <p>Firma od 2016 roku, specjalizuje si\u0119 w precyzyjnej obr\u00f3bce mechanicznej, oraz oferuje us\u0142ugi frezowania i toczenia.<\/p> <p>Warsztat obejmuje wysokowydajne i wielofunkcyjne maszyny CNC sterowane numeryczne, oraz wysoko wykwalifikowanych pracownik\u00f3w co gwarantuje najwy\u017csz\u0105 jako\u015b\u0107 realizacji\u00a0zlece\u0144.<\/p>\n<img src=\"https:\/\/asatools.hr\/wp-content\/uploads\/2023\/10\/Asa-azienda.png\" title=\"Asa azienda\" alt=\"Asa azienda\" srcset=\"https:\/\/asatools.hr\/wp-content\/uploads\/2023\/10\/Asa-azienda.png 566w, https:\/\/asatools.hr\/wp-content\/uploads\/2023\/10\/Asa-azienda-300x195.png 300w\" sizes=\"(max-width: 566px) 100vw, 566px\" \/>\n<img src=\"https:\/\/asatools.hr\/wp-content\/uploads\/2023\/10\/LogoASA-Tools.png\" title=\"LogoASA-Tools\" alt=\"LogoASA-Tools\" srcset=\"https:\/\/asatools.hr\/wp-content\/uploads\/2023\/10\/LogoASA-Tools.png 350w, https:\/\/asatools.hr\/wp-content\/uploads\/2023\/10\/LogoASA-Tools-300x102.png 300w\" sizes=\"(max-width: 350px) 100vw, 350px\" \/>\n<h5>ASA TOOLS d.o.o.<\/h5> <p>Kukuljanovo 334<br>51227 Grad Bakar, Hrvatska<br>Phone +385 99 327 0010<br>Phone +385 51 424 842<br>info@asatools.hr\u00a0<\/p>\n<h3><\/h3><iframe frameborder=\"0\" scrolling=\"no\" marginheight=\"0\" marginwidth=\"0\" src=\"https:\/\/maps.google.com\/maps?q=ASA+TOOLS+d.o.o.+Kukuljanovo+334+51227+Grad+Bakar%2C+Hrvatska&amp;t=m&amp;z=16&amp;output=embed&amp;iwloc=near\"><\/iframe>","_links":{"self":[{"href":"https:\/\/asatools.hr\/index.php\/wp-json\/wp\/v2\/pages\/615"}],"collection":[{"href":"https:\/\/asatools.hr\/index.php\/wp-json\/wp\/v2\/pages"}],"about":[{"href":"https:\/\/asatools.hr\/index.php\/wp-json\/wp\/v2\/types\/page"}],"author":[{"embeddable":true,"href":"https:\/\/asatools.hr\/index.php\/wp-json\/wp\/v2\/users\/1"}],"replies":[{"embeddable":true,"href":"https:\/\/asatools.hr\/index.php\/wp-json\/wp\/v2\/comments?post=615"}],"version-history":[{"count":5,"href":"https:\/\/asatools.hr\/index.php\/wp-json\/wp\/v2\/pages\/615\/revisions"}],"predecessor-version":[{"id":709,"href":"https:\/\/asatools.hr\/index.php\/wp-json\/wp\/v2\/pages\/615\/revisions\/709"}],"wp:attachment":[{"href":"https:\/\/asatools.hr\/index.php\/wp-json\/wp\/v2\/media?parent=615"}],"curies":[{"name":"wp","href":"https:\/\/api.w.org\/{rel}","templated":true}]}}